{"id":406,"date":"2025-01-05T16:13:46","date_gmt":"2025-01-05T16:13:46","guid":{"rendered":"https:\/\/www.kusysuchan.pl\/?page_id=406"},"modified":"2026-01-26T13:09:46","modified_gmt":"2026-01-26T13:09:46","slug":"mistrzostwa-powiatu","status":"publish","type":"page","link":"https:\/\/www.kusysuchan.pl\/index.php\/mistrzostwa-powiatu\/","title":{"rendered":"Mistrzostwa Powiatu"},"content":{"rendered":"\n<p class=\"has-text-align-center\"><strong><mark style=\"background-color:rgba(0, 0, 0, 0)\" class=\"has-inline-color has-neve-link-hover-color-color\">Mistrzostwa Powiatu w Unihokeju Dziewcz\u0105t w ramach Igrzysk Dzieci<\/mark><\/strong><br><strong><a href=\"https:\/\/photos.app.goo.gl\/LLnZNdEQgs2QjAcF8\">Rok szkolny 2025\/2026 [klik]<\/a><\/strong><br><strong><a href=\"https:\/\/photos.app.goo.gl\/3WJpzJN9QejbNzQ48\">Rok szkolny 2024\/2025 [klik]<\/a><\/strong><br><strong><a href=\"https:\/\/photos.app.goo.gl\/mUoViHUK37Yp11Si9\">Rok szkolny 2023\/2024 [klik]<\/a><\/strong><br><strong>Rok szkolny 2022\/2023 [klik]<\/strong><br><strong><a href=\"https:\/\/photos.app.goo.gl\/4ujXp2851aBENDVw7\">Rok szkolny 2021\/2022 [klik]<\/a><\/strong><br><strong>Rok szkolny 2020\/2021 [klik]<\/strong><br><strong><a href=\"https:\/\/photos.app.goo.gl\/xeFFXhjCqiV3v6ps8\">Rok szkolny 2019\/2020 [klik]<\/a><\/strong><br><strong>Rok szkolny 2018\/2019 [klik]<\/strong><br><strong>Rok szkolny 2017\/2018 [klik]<\/strong><br><strong>Rok szkolny 2016\/2017 [klik]<\/strong><br><strong>Rok szkolny 2015\/2016 [klik]<\/strong><br><strong>Rok szkolny 2014\/2015 [klik]<\/strong><br><strong>Rok szkolny 2013\/2014 [klik]<\/strong><br><strong><a href=\"https:\/\/photos.app.goo.gl\/MMyaEPNz75UDDGmW9\">Rok szkolny 2012\/2013 [klik]<\/a><\/strong><br><strong><a href=\"https:\/\/photos.app.goo.gl\/hsyAQQJAzRs8s1in9\">Rok szkolny 2011\/2012 [klik]<\/a><\/strong><br><strong><a href=\"https:\/\/photos.app.goo.gl\/EQv93KaQjyngeKRR9\">Rok szkolny 2010\/2011 [klik]<\/a><\/strong><br><\/p>\n\n\n\n<p class=\"has-text-align-center\"><strong><mark style=\"background-color:rgba(0, 0, 0, 0)\" class=\"has-inline-color has-neve-link-hover-color-color\">Mistrzostwa Powiatu w Unihokeju Dziewcz\u0105t w ramach Igrzysk M\u0142odzie\u017cy Szkolnej<\/mark><\/strong><br><strong><a href=\"https:\/\/photos.app.goo.gl\/voDpBcpdMMFHri4TA\">Rok szkolny 2025\/2026 [klik]<\/a><\/strong><br><strong>Rok szkolny 2024\/2025 [klik]<\/strong><br><strong>Rok szkolny 2023\/2024 [klik]<\/strong><br><strong><a href=\"https:\/\/photos.app.goo.gl\/paGnZNsB3EipHTZBA\">Rok szkolny 2022\/2023 [klik]<\/a><\/strong><br><strong>Rok szkolny 2021\/2022 [klik]<\/strong><br><strong>Rok szkolny 2020\/2021 [klik]<\/strong><br><strong><a href=\"https:\/\/photos.app.goo.gl\/gJTuY2EisCZTobV96\">Rok szkolny 2019\/2020 [klik]<\/a><\/strong><\/p>\n\n\n\n<p class=\"has-text-align-center\"><strong><mark style=\"background-color:rgba(0, 0, 0, 0)\" class=\"has-inline-color has-neve-link-hover-color-color\">Mistrzostwa Powiatu w Unihokeju Dziewcz\u0105t w ramach Gimnazjady<\/mark><\/strong><br><strong><a href=\"https:\/\/photos.app.goo.gl\/k72unnnTqrsst43s7\">Rok szkolny 2018\/2019 [klik]<\/a><\/strong><br><strong>Rok szkolny 2017\/2018 [klik]<\/strong><br><strong><a href=\"https:\/\/goo.gl\/photos\/uzsLooPMkycAY31PA\">Rok szkolny 2016\/2017 [klik]<\/a><\/strong><br><strong>Rok szkolny 2015\/2016 [klik]<\/strong><br><strong><a href=\"https:\/\/photos.app.goo.gl\/3184fzXhPmVTapY5A\">Rok szkolny 2014\/2015 [klik]<\/a><\/strong><br><strong>Rok szkolny 2013\/2014 [klik]<\/strong><br><strong><a href=\"https:\/\/photos.app.goo.gl\/5L1CLkoQbEzRvJxr6\">Rok szkolny 2012\/2013 [klik]<\/a><\/strong><br><strong><a href=\"https:\/\/photos.app.goo.gl\/w1YKhmSdfPt9xsfKA\">Rok szkolny 2011\/2012 [klik]<\/a><\/strong><br><strong><a href=\"https:\/\/photos.app.goo.gl\/V2ZaSyqh7JW4binQA\">Rok szkolny 2010\/2011 [klik]<\/a><\/strong><br><strong><a href=\"https:\/\/photos.app.goo.gl\/cdDBDiLmb6bJDB1o6\">Rok szkolny 2009\/2010 [klik]<\/a><\/strong><br><strong><a href=\"https:\/\/photos.app.goo.gl\/HQ3gGC55JcZ96Tm48\">Rok szkolny 2008\/2009 [klik]<\/a><\/strong><br><\/p>\n\n\n\n<p><\/p>\n","protected":false},"excerpt":{"rendered":"<p>Mistrzostwa Powiatu w Unihokeju Dziewcz\u0105t w ramach Igrzysk DzieciRok szkolny 2025\/2026 [klik]Rok szkolny 2024\/2025 [klik]Rok szkolny 2023\/2024 [klik]Rok szkolny 2022\/2023 [klik]Rok szkolny 2021\/2022 [klik]Rok szkolny 2020\/2021 [klik]Rok szkolny 2019\/2020 [klik]Rok szkolny 2018\/2019 [klik]Rok szkolny 2017\/2018 [klik]Rok szkolny 2016\/2017 [klik]Rok szkolny 2015\/2016 [klik]Rok szkolny 2014\/2015 [klik]Rok szkolny 2013\/2014 [klik]Rok szkolny 2012\/2013 [klik]Rok szkolny 2011\/2012 [klik]Rok szkolny&hellip;&nbsp;<a href=\"https:\/\/www.kusysuchan.pl\/index.php\/mistrzostwa-powiatu\/\" rel=\"bookmark\">Dowiedz si\u0119 wi\u0119cej &raquo;<span class=\"screen-reader-text\">Mistrzostwa Powiatu<\/span><\/a><\/p>\n","protected":false},"author":1,"featured_media":0,"parent":0,"menu_order":0,"comment_status":"closed","ping_status":"closed","template":"","meta":{"neve_meta_sidebar":"","neve_meta_container":"","neve_meta_enable_content_width":"","neve_meta_content_width":0,"neve_meta_title_alignment":"","neve_meta_author_avatar":"","neve_post_elements_order":"","neve_meta_disable_header":"","neve_meta_disable_footer":"","neve_meta_disable_title":"","footnotes":""},"class_list":["post-406","page","type-page","status-publish","hentry"],"_links":{"self":[{"href":"https:\/\/www.kusysuchan.pl\/index.php\/wp-json\/wp\/v2\/pages\/406","targetHints":{"allow":["GET"]}}],"collection":[{"href":"https:\/\/www.kusysuchan.pl\/index.php\/wp-json\/wp\/v2\/pages"}],"about":[{"href":"https:\/\/www.kusysuchan.pl\/index.php\/wp-json\/wp\/v2\/types\/page"}],"author":[{"embeddable":true,"href":"https:\/\/www.kusysuchan.pl\/index.php\/wp-json\/wp\/v2\/users\/1"}],"replies":[{"embeddable":true,"href":"https:\/\/www.kusysuchan.pl\/index.php\/wp-json\/wp\/v2\/comments?post=406"}],"version-history":[{"count":35,"href":"https:\/\/www.kusysuchan.pl\/index.php\/wp-json\/wp\/v2\/pages\/406\/revisions"}],"predecessor-version":[{"id":690,"href":"https:\/\/www.kusysuchan.pl\/index.php\/wp-json\/wp\/v2\/pages\/406\/revisions\/690"}],"wp:attachment":[{"href":"https:\/\/www.kusysuchan.pl\/index.php\/wp-json\/wp\/v2\/media?parent=406"}],"curies":[{"name":"wp","href":"https:\/\/api.w.org\/{rel}","templated":true}]}}