{"id":234,"date":"2025-01-02T16:35:31","date_gmt":"2025-01-02T16:35:31","guid":{"rendered":"https:\/\/www.kusysuchan.pl\/?page_id=234"},"modified":"2025-01-04T21:47:47","modified_gmt":"2025-01-04T21:47:47","slug":"liga-halowa","status":"publish","type":"page","link":"https:\/\/www.kusysuchan.pl\/index.php\/liga-halowa\/","title":{"rendered":"Liga Halowa"},"content":{"rendered":"\n<p class=\"has-text-align-center\"> <img loading=\"lazy\" decoding=\"async\" width=\"150\" height=\"151\" class=\"wp-image-340\" style=\"width: 150px;\" src=\"https:\/\/www.kusysuchan.pl\/wp-content\/uploads\/2025\/01\/kusy__logo__herb.jpg\" alt=\"\" srcset=\"https:\/\/www.kusysuchan.pl\/wp-content\/uploads\/2025\/01\/kusy__logo__herb.jpg 1017w, https:\/\/www.kusysuchan.pl\/wp-content\/uploads\/2025\/01\/kusy__logo__herb-298x300.jpg 298w, https:\/\/www.kusysuchan.pl\/wp-content\/uploads\/2025\/01\/kusy__logo__herb-150x150.jpg 150w, https:\/\/www.kusysuchan.pl\/wp-content\/uploads\/2025\/01\/kusy__logo__herb-768x773.jpg 768w\" sizes=\"auto, (max-width: 150px) 100vw, 150px\" \/><\/p>\n\n\n\n<p>LUKS &#8222;Kusy&#8221; wielokrotnie wsp\u00f3\u0142organizowa\u0142 bardzo popularn\u0105 w spo\u0142eczno\u015bci lokalnej <strong>Lig\u0119 Halow\u0105<\/strong> <strong>Pi\u0142ki No\u017cnej<\/strong>. Zachowa\u0142o si\u0119 kilka galerii ze zdj\u0119ciami. Mo\u017ce odnajdziesz swojego tat\u0119, wujka, dziadka???<\/p>\n\n\n\n<p class=\"has-text-align-center\"><strong><a href=\"https:\/\/photos.app.goo.gl\/R1d5FgwAEt5bv9SZ6\">LIGA HALOWA 2008 [KLIK]<\/a><\/strong><br><strong><a href=\"https:\/\/photos.app.goo.gl\/WWv6xUHcU4LNy8qu9\">LIGA HALOWA 2009 [KLIK]<\/a><\/strong><br><strong><a href=\"https:\/\/photos.app.goo.gl\/EGwcsgZraN3MWZ1W8\">LIGA HALOWA 2010 [KLIK]<\/a><\/strong><br><strong><a href=\"https:\/\/photos.app.goo.gl\/sheMgpfVStbovaia7\">LIGA HALOWA 2011 [KLIK]<\/a><\/strong><br><strong><a href=\"https:\/\/photos.app.goo.gl\/Uaf5wcNSBxq1Y3329\">LIGA HALOWA 2012 [KLIK]<\/a><\/strong><br><strong><a href=\"https:\/\/photos.app.goo.gl\/Ya8HNTBRDCtTUhDP9\">LIGA HALOWA 2013 [KLIK]<\/a><\/strong><br><strong><a href=\"https:\/\/photos.app.goo.gl\/81KBgMMsZyoXqAQu5\">LIGA HALOWA 2014 [KLIK]<\/a><\/strong><br><strong><a href=\"https:\/\/photos.app.goo.gl\/zdzqEXoDbe16W5Bp8\">LIGA HALOWA 2015 [KLIK]<\/a><\/strong><\/p>\n\n\n\n<p><\/p>\n\n\n\n<p><\/p>\n","protected":false},"excerpt":{"rendered":"<p>LUKS &#8222;Kusy&#8221; wielokrotnie wsp\u00f3\u0142organizowa\u0142 bardzo popularn\u0105 w spo\u0142eczno\u015bci lokalnej Lig\u0119 Halow\u0105 Pi\u0142ki No\u017cnej. Zachowa\u0142o si\u0119 kilka galerii ze zdj\u0119ciami. Mo\u017ce odnajdziesz swojego tat\u0119, wujka, dziadka??? LIGA HALOWA 2008 [KLIK]LIGA HALOWA 2009 [KLIK]LIGA HALOWA 2010 [KLIK]LIGA HALOWA 2011 [KLIK]LIGA HALOWA 2012 [KLIK]LIGA HALOWA 2013 [KLIK]LIGA HALOWA 2014 [KLIK]LIGA HALOWA 2015 [KLIK]<\/p>\n","protected":false},"author":1,"featured_media":0,"parent":0,"menu_order":0,"comment_status":"closed","ping_status":"closed","template":"","meta":{"neve_meta_sidebar":"","neve_meta_container":"","neve_meta_enable_content_width":"","neve_meta_content_width":0,"neve_meta_title_alignment":"","neve_meta_author_avatar":"","neve_post_elements_order":"","neve_meta_disable_header":"","neve_meta_disable_footer":"","neve_meta_disable_title":"","footnotes":""},"class_list":["post-234","page","type-page","status-publish","hentry"],"_links":{"self":[{"href":"https:\/\/www.kusysuchan.pl\/index.php\/wp-json\/wp\/v2\/pages\/234","targetHints":{"allow":["GET"]}}],"collection":[{"href":"https:\/\/www.kusysuchan.pl\/index.php\/wp-json\/wp\/v2\/pages"}],"about":[{"href":"https:\/\/www.kusysuchan.pl\/index.php\/wp-json\/wp\/v2\/types\/page"}],"author":[{"embeddable":true,"href":"https:\/\/www.kusysuchan.pl\/index.php\/wp-json\/wp\/v2\/users\/1"}],"replies":[{"embeddable":true,"href":"https:\/\/www.kusysuchan.pl\/index.php\/wp-json\/wp\/v2\/comments?post=234"}],"version-history":[{"count":11,"href":"https:\/\/www.kusysuchan.pl\/index.php\/wp-json\/wp\/v2\/pages\/234\/revisions"}],"predecessor-version":[{"id":363,"href":"https:\/\/www.kusysuchan.pl\/index.php\/wp-json\/wp\/v2\/pages\/234\/revisions\/363"}],"wp:attachment":[{"href":"https:\/\/www.kusysuchan.pl\/index.php\/wp-json\/wp\/v2\/media?parent=234"}],"curies":[{"name":"wp","href":"https:\/\/api.w.org\/{rel}","templated":true}]}}