{"id":233,"date":"2025-01-02T16:35:31","date_gmt":"2025-01-02T16:35:31","guid":{"rendered":"https:\/\/www.kusysuchan.pl\/?page_id=233"},"modified":"2025-01-04T21:17:33","modified_gmt":"2025-01-04T21:17:33","slug":"turystyka","status":"publish","type":"page","link":"https:\/\/www.kusysuchan.pl\/index.php\/turystyka\/","title":{"rendered":"Turystyka"},"content":{"rendered":"\n<p class=\"has-text-align-center\"> <img loading=\"lazy\" decoding=\"async\" width=\"150\" height=\"151\" class=\"wp-image-340\" style=\"width: 150px;\" src=\"https:\/\/www.kusysuchan.pl\/wp-content\/uploads\/2025\/01\/kusy__logo__herb.jpg\" alt=\"\" srcset=\"https:\/\/www.kusysuchan.pl\/wp-content\/uploads\/2025\/01\/kusy__logo__herb.jpg 1017w, https:\/\/www.kusysuchan.pl\/wp-content\/uploads\/2025\/01\/kusy__logo__herb-298x300.jpg 298w, https:\/\/www.kusysuchan.pl\/wp-content\/uploads\/2025\/01\/kusy__logo__herb-150x150.jpg 150w, https:\/\/www.kusysuchan.pl\/wp-content\/uploads\/2025\/01\/kusy__logo__herb-768x773.jpg 768w\" sizes=\"auto, (max-width: 150px) 100vw, 150px\" \/><\/p>\n\n\n\n<p>W poprzednich latach Klub wsp\u00f3\u0142organizowa\u0142 wyjazdy turystyczne, w trakcie kt\u00f3rych nasi m\u0142odzi sportowcy doskonalili kondycj\u0119 i podziwiali pi\u0119kno polskich g\u00f3r. Galerie zdj\u0119\u0107 z najciekawszych turystycznych wypraw: <mark style=\"background-color:var(--nv-light-bg)\" class=\"has-inline-color has-neve-link-hover-color-color\"><a href=\"https:\/\/goo.gl\/photos\/KfxzrUdZT3eyAHiK9\">Beskid \u015al\u0105ski [klik]<\/a><\/mark>, <mark style=\"background-color:var(--nv-light-bg)\" class=\"has-inline-color has-nv-c-1-color\"><a href=\"https:\/\/photos.app.goo.gl\/G3s9M1AbUXzR9rww6\">Bieszczady [klik]<\/a><\/mark>, <mark style=\"background-color:var(--nv-light-bg)\" class=\"has-inline-color has-nv-c-2-color\"><a href=\"https:\/\/photos.app.goo.gl\/s5JcXvMxJk8dXah48\">\u015awierad\u00f3w Zdr\u00f3j [klik]<\/a><\/mark>.<\/p>\n\n\n\n<p><\/p>\n","protected":false},"excerpt":{"rendered":"<p>W poprzednich latach Klub wsp\u00f3\u0142organizowa\u0142 wyjazdy turystyczne, w trakcie kt\u00f3rych nasi m\u0142odzi sportowcy doskonalili kondycj\u0119 i podziwiali pi\u0119kno polskich g\u00f3r. Galerie zdj\u0119\u0107 z najciekawszych turystycznych wypraw: Beskid \u015al\u0105ski [klik], Bieszczady [klik], \u015awierad\u00f3w Zdr\u00f3j [klik].<\/p>\n","protected":false},"author":1,"featured_media":0,"parent":0,"menu_order":0,"comment_status":"closed","ping_status":"closed","template":"","meta":{"neve_meta_sidebar":"","neve_meta_container":"","neve_meta_enable_content_width":"","neve_meta_content_width":0,"neve_meta_title_alignment":"","neve_meta_author_avatar":"","neve_post_elements_order":"","neve_meta_disable_header":"","neve_meta_disable_footer":"","neve_meta_disable_title":"","footnotes":""},"class_list":["post-233","page","type-page","status-publish","hentry"],"_links":{"self":[{"href":"https:\/\/www.kusysuchan.pl\/index.php\/wp-json\/wp\/v2\/pages\/233","targetHints":{"allow":["GET"]}}],"collection":[{"href":"https:\/\/www.kusysuchan.pl\/index.php\/wp-json\/wp\/v2\/pages"}],"about":[{"href":"https:\/\/www.kusysuchan.pl\/index.php\/wp-json\/wp\/v2\/types\/page"}],"author":[{"embeddable":true,"href":"https:\/\/www.kusysuchan.pl\/index.php\/wp-json\/wp\/v2\/users\/1"}],"replies":[{"embeddable":true,"href":"https:\/\/www.kusysuchan.pl\/index.php\/wp-json\/wp\/v2\/comments?post=233"}],"version-history":[{"count":4,"href":"https:\/\/www.kusysuchan.pl\/index.php\/wp-json\/wp\/v2\/pages\/233\/revisions"}],"predecessor-version":[{"id":345,"href":"https:\/\/www.kusysuchan.pl\/index.php\/wp-json\/wp\/v2\/pages\/233\/revisions\/345"}],"wp:attachment":[{"href":"https:\/\/www.kusysuchan.pl\/index.php\/wp-json\/wp\/v2\/media?parent=233"}],"curies":[{"name":"wp","href":"https:\/\/api.w.org\/{rel}","templated":true}]}}

<p class="has-text-align-center"> <img loading="lazy" decoding="async" width="150" height="151" class="wp-image-340" style="width: 150px;" src="https://www.kusysuchan.pl/wp-content/uploads/2025/01/kusy__logo__herb.jpg" alt="" srcset="https://www.kusysuchan.pl/wp-content/uploads/2025/01/kusy__logo__herb.jpg 1017w, https://www.kusysuchan.pl/wp-content/uploads/2025/01/kusy__logo__herb-298x300.jpg 298w, https://www.kusysuchan.pl/wp-content/uploads/2025/01/kusy__logo__herb-150x150.jpg 150w, https://www.kusysuchan.pl/wp-content/uploads/2025/01/kusy__logo__herb-768x773.jpg 768w" sizes="auto, (max-width: 150px) 100vw, 150px" /></p>



<p>W poprzednich latach Klub współorganizował wyjazdy turystyczne, w trakcie których nasi młodzi sportowcy doskonalili kondycję i podziwiali piękno polskich gór. Galerie zdjęć z najciekawszych turystycznych wypraw: <mark style="background-color:var(--nv-light-bg)" class="has-inline-color has-neve-link-hover-color-color"><a href="https://goo.gl/photos/KfxzrUdZT3eyAHiK9">Beskid Śląski [klik]</a></mark>, <mark style="background-color:var(--nv-light-bg)" class="has-inline-color has-nv-c-1-color"><a href="https://photos.app.goo.gl/G3s9M1AbUXzR9rww6">Bieszczady [klik]</a></mark>, <mark style="background-color:var(--nv-light-bg)" class="has-inline-color has-nv-c-2-color"><a href="https://photos.app.goo.gl/s5JcXvMxJk8dXah48">Świeradów Zdrój [klik]</a></mark>.</p>



<p></p>

<p>W poprzednich latach Klub współorganizował wyjazdy turystyczne, w trakcie których nasi młodzi sportowcy doskonalili kondycję i podziwiali piękno polskich gór. Galerie zdjęć z najciekawszych turystycznych wypraw: Beskid Śląski [klik], Bieszczady [klik], Świeradów Zdrój [klik].</p>
